the highest common factor of 41 and 5618107.
41
Calculate the highest common factor of 4166 and 2526679.
2083
What is the highest common factor of 12573 and 7029?
99
Calculate the highest common divisor of 2461 and 4209.
23
What is the greatest common factor of 155701 and 118?
59
Calculate the highest common divisor of 52030 and 8600.
430
What is the highest common divisor of 48 and 536496?
48
Calculate the highest common factor of 3069 and 14787.
279
Calculate the highest common factor of 297 and 1137906.
99
Calculate the highest common divisor of 19517 and 783.
29
Calculate the greatest common factor of 31256 and 40.
8
Calculate the greatest common factor of 783804 and 96.
12
What is the highest common divisor of 1316678 and 3686?
194
Calculate the highest common divisor of 770445 and 195.
195
What is the highest common divisor of 98 and 175679?
7
Calculate the highest common factor of 225 and 136995.
15
What is the highest common factor of 3745 and 23975?
35
Calculate the greatest common divisor of 1299 and 108.
3
Calculate the highest common divisor of 44 and 5384.
4
Calculate the highest common factor of 192262 and 28.
14
What is the highest common divisor of 378 and 72198?
378
What is the highest common factor of 18 and 4127814?
18
Calculate the highest common factor of 95151 and 322.
161
Calculate the greatest common factor of 401 and 476789.
401
Calculate the highest common factor of 42 and 43302.
42
Calculate the greatest common factor of 3047 and 1815.
11
Calculate the greatest common divisor of 11836 and 44.
44
Calculate the highest common factor of 71375 and 7250.
125
Calculate the greatest common divisor of 176 and 102443.
11
Calculate the highest common divisor of 1936945 and 460.
115
What is the highest common divisor of 1180 and 60?
20
What is the greatest common factor of 1122876 and 444?
444
What is the greatest common factor of 15370 and 1390?
10
Calculate the highest common factor of 36 and 47748.
12
What is the greatest common factor of 1596 and 13188?
84
What is the greatest common divisor of 1870 and 11033?
187
Calculate the greatest common divisor of 354294 and 162.
162
Calculate the highest common factor of 350150 and 894.
298
Calculate the greatest common factor of 49129 and 73.
73
What is the greatest common factor of 1386 and 311058?
198
What is the highest common factor of 418128 and 1767?
93
What is the highest common factor of 10 and 40490?
10
What is the greatest common factor of 8526 and 1323?
147
What is the highest common factor of 16 and 906156?
4
Calculate the greatest common factor of 405195 and 2040.
255
What is the greatest common divisor of 2623 and 12810?
61
What is the greatest common factor of 1822869 and 9?
9
What is the greatest common divisor of 52544 and 36?
4
What is the highest common factor of 9335 and 5?
5
Calculate the highest common factor of 36195 and 19.
19
Calculate the greatest common factor of 24973 and 160121.
1469
Calculate the highest common divisor of 35259 and 77161.
511
What is the greatest common factor of 95 and 2888?
19
What is the highest common divisor of 230 and 598046?
46
Calculate the greatest common divisor of 95600 and 48.
16
Calculate the greatest common factor of 848432 and 48.
16
What is the highest common factor of 37212 and 504?
84
Calculate the greatest common divisor of 28951 and 2873.
221
Calculate the highest common factor of 221270 and 10.
10
Calculate the highest common divisor of 893 and 8170.
19
What is the greatest common factor of 235968 and 16?
16
Calculate the greatest common divisor of 740 and 20.
20
What is the highest common factor of 504 and 241677?
9
Calculate the highest common divisor of 16269 and 11968.
187
Calculate the highest common factor of 1126 and 4.
2
What is the highest common factor of 497 and 39902?
71
What is the greatest common factor of 630 and 98140?
70
Calculate the highest common divisor of 11515 and 500.
5
Calculate the greatest common divisor of 36411 and 212.
53
Calculate the highest common factor of 64020 and 120765.
1455
What is the highest common factor of 80 and 830120?
40
Calculate the greatest common divisor of 400620 and 330.
330
Calculate the highest common factor of 435 and 72355.
145
What is the greatest common factor of 18 and 25266?
6
What is the greatest common divisor of 243695 and 1105?
85
What is the greatest common divisor of 1474343 and 508?
127
What is the greatest common factor of 324 and 215622?
162
What is the greatest common factor of 945 and 10772055?
945
Calculate the greatest common factor of 40 and 55256.
8
Calculate the highest common factor of 284074 and 3296.
206
Calculate the highest common factor of 16 and 13964.
4
What is the greatest common divisor of 504 and 22344?
168
What is the greatest common divisor of 4175 and 17075?
25
Calculate the greatest common divisor of 399064 and 2656.
664
What is the highest common factor of 288 and 811872?
288
Calculate the greatest common divisor of 1878 and 1287682.
626
What is the highest common factor of 367956 and 108?
108
What is the greatest common divisor of 39290 and 20?
10
Calculate the greatest common divisor of 7 and 161469.
7
What is the highest common divisor of 97 and 5318?
1
What is the greatest common factor of 5620 and 291?
1
What is the highest common divisor of 42812 and 7084?
308
Calculate the highest common factor of 50688 and 17820.
396
What is the greatest common factor of 15281 and 68971?
413
Calculate the highest common divisor of 161880 and 2660.
380
Calculate the highest common factor of 3 and 1415.
1
Calculate the highest common divisor of 251510 and 42.
14
What is the highest common divisor of 297 and 619619?
11
Calculate the highest common factor of 126225 and 18.
9
Calculate the greatest common factor of 127697 and 1383.
461
What is the greatest common divisor of 33553 and 57304?
377
Calculate the greatest common factor of 7474 and 303.
101
What is the greatest common factor of 874 and 111872?
874
Calculate the greatest common factor of 99515 and 170.
5
What is the highest common factor of 312 and 34554?
78
What is the highest common divisor of 13 and 10198?
1
What is the highest common divisor of 667470 and 228?
114
What is the greatest common factor of 45 and 15606?
9
Calculate the greatest common divisor of 2108 and 75392.
124
Calculate the greatest common divisor of 745 and 56575.
5
What is the greatest common factor of 188 and 105374?
94
Calculate the highest common factor of 13 and 1324427.
13
What is the greatest common factor of 168 and 4216?
8
Calculate the greatest common divisor of 124734 and 6.
6
What is the highest common divisor of 1060 and 8108?
4
Calculate the highest common factor of 5291 and 20757.
407
What is the greatest common divisor of 975 and 4525?
25
What is the greatest common factor of 487 and 5?
1
Calculate the highest common divisor of 4356 and 29844.
36
What is the greatest common factor of 273 and 633?
3
What is the greatest common divisor of 832 and 65156?
52
What is the highest common factor of 245 and 101535?
35
Calculate the highest common divisor of 16681146 and 794.
794
What is the greatest common factor of 6992437 and 874?
437
Calculate the greatest common divisor of 436 and 336483.
109
Calculate the greatest common factor of 820 and 154300.
20
Calculate the greatest common divisor of 543 and 1292340.
543
What is the highest common divisor of 21 and 30159?
3
Calculate the highest common factor of 2188431 and 1134.
189
Calculate the greatest common factor of 1156057 and 98.
49
Calculate the greatest common divisor of 4 and 1044244.
4
What is the highest common divisor of 417 and 53654?
139
What is the greatest common factor of 39955 and 122?
61
What is the greatest common divisor of 1164 and 32398?
194
Calculate the highest common factor of 1104 and 15449928.
552
Calculate the greatest common factor of 81 and 16308.
27
What is the highest common divisor of 3900 and 173316?
156
Calculate the greatest common factor of 7326 and 1850.
74
Calculate the greatest common factor of 12932 and 12322.
122
Calculate the greatest common divisor of 6556 and 441636.
596
What is the highest common factor of 808 and 6222812?
404
What is the highest common factor of 2087 and 83?
1
What is the greatest com